291585573 composite?
True
Is 52541581249 prime?
False
Is 557594005 composite?
True
Is 2214191569 composite?
False
Is 257715643 prime?
True
Is 230991758 a composite number?
True
Is 21189331517 a composite number?
False
Is 932883689 a prime number?
True
Is 32005843 prime?
False
Is 1641258559 a composite number?
True
Is 12724124449 composite?
True
Is 2522782679 a composite number?
False
Is 25191290791 composite?
False
Is 249664289 a prime number?
False
Is 10962428273 a composite number?
False
Is 720170159 a composite number?
False
Is 124166160199 a prime number?
False
Is 889693391 a composite number?
True
Is 11039302031 a composite number?
False
Is 909832349 a prime number?
True
Is 23795396749 a prime number?
True
Is 1553980447 a prime number?
False
Is 3182826721 composite?
False
Is 4039801203 a composite number?
True
Is 156065771257 a prime number?
False
Is 98629973779 a prime number?
False
Is 2285925937 a prime number?
True
Is 100556927 composite?
False
Is 3399315407 prime?
False
Is 4663320583 composite?
False
Is 4829047703 a prime number?
True
Is 755221121 composite?
True
Is 1108226993 a composite number?
False
Is 234222503 a prime number?
False
Is 98852647 composite?
True
Is 2778858877 composite?
True
Is 8235342383 composite?
False
Is 14351267783 prime?
True
Is 10034366021 a prime number?
False
Is 2672286821 prime?
True
Is 910779037 a prime number?
False
Is 474832333 a prime number?
False
Is 7444349803 prime?
False
Is 7645611667 prime?
True
Is 22332521207 a composite number?
True
Is 240208097 composite?
True
Is 149014055174 a composite number?
True
Is 816968797 composite?
True
Is 2261916329 a composite number?
False
Is 500091239 a composite number?
False
Is 2542999103 a prime number?
False
Is 883029193 composite?
False
Is 68550203 prime?
False
Is 49948845521 a prime number?
True
Is 4458918787 a composite number?
False
Is 25877851849 a composite number?
False
Is 102491839 a prime number?
True
Is 2415581585 composite?
True
Is 32444759 prime?
True
Is 9940396951 a composite number?
True
Is 1110006349 a composite number?
True
Is 74442985559 composite?
True
Is 3151541131 composite?
True
Is 19909100839 composite?
True
Is 3300172559 a composite number?
True
Is 323606333 a prime number?
True
Is 54163038907 prime?
True
Is 7483911709 composite?
True
Is 157924039019 a composite number?
False
Is 3741031309 a prime number?
False
Is 828565919 a composite number?
True
Is 1642289617 a composite number?
False
Is 4307141647 a composite number?
True
Is 28495748291 a composite number?
True
Is 25691823473 a prime number?
True
Is 5772980089 a composite number?
False
Is 2404185097 composite?
False
Is 33776783773 composite?
False
Is 2401263941 a prime number?
True
Is 663445171 composite?
True
Is 57962740889 a composite number?
False
Is 3658364581 composite?
True
Is 1624794499 a prime number?
False
Is 229595788987 composite?
False
Is 31466752717 a prime number?
False
Is 134564751271 a composite number?
False
Is 418904197 a prime number?
True
Is 1637457251 composite?
False
Is 2087859869 prime?
False
Is 111330123427 a composite number?
True
Is 1172258107 composite?
True
Is 197760922 composite?
True
Is 1656301 prime?
True
Is 1768503851 prime?
True
Is 329307349 a composite number?
True
Is 1514345423 prime?
True
Is 7038694097 prime?
False
Is 28365457 composite?
True
Is 727841419 a composite number?
False
Is 6917578411 composite?
False
Is 59035722047 composite?
False
Is 1011860981 composite?
False
Is 5994587927 composite?
False
Is 1370164349 composite?
True
Is 17524601173 a prime number?
True
Is 1793499937 a prime number?
False
Is 280240421 a composite number?
False
Is 1060906787 a prime number?
True
Is 1469959691 a composite number?
False
Is 1416072949 prime?
True
Is 2578751051 composite?
True
Is 159150533 prime?
True
Is 10272522493 a composite number?
True
Is 644592821 prime?
True
Is 7369126889 a prime number?
True
Is 5763124891 a composite number?
True
Is 36608978429 a prime number?
False
Is 557376257 a composite number?
True
Is 97551709 prime?
True
Is 426438589 composite?
False
Is 94934024767 composite?
True
Is 4602742483 prime?
False
Is 2889229631 prime?
False
Is 4395906239 a composite number?
False
Is 279118429511 composite?
False
Is 2608077191 prime?
False
Is 2533945019 a composite number?
False
Is 1567141139 prime?
True
Is 2590987951 prime?
False
Is 120141649 prime?
True
Is 727845967 a prime number?
True
Is 464439189 prime?
False
Is 160034866177 prime?
True
Is 57047910329 prime?
True
Is 3600947881 composite?
False
Is 43017413 a composite number?
False
Is 130937863 a prime number?
False
Is 1227387977 prime?
True
Is 61919401 composite?
True
Is 16141310381 composite?
True
Is 105101681 a prime number?
False
Is 1423574249 a prime number?
False
Is 2797911689 prime?
True
Is 8405136751 a composite number?
True
Is 12525597167 a composite number?
False
Is 23117028329 a composite number?
False
Is 3818503639 a composite number?
False
Is 2154233611 a prime number?
False
Is 1291909742 a composite number?
True
Is 35603747 a prime number?
False
Is 19809761219 prime?
True
Is 9963368153 composite?
False
Is 1800177347 a composite number?
True
Is 30333496439 a composite number?
True
Is 22199202503 prime?
True
Is 1759887601 a prime number?
True
Is 392761937 prime?
False
Is 52353443 a composite number?
False
Is 2285882285 a prime number?
False
Is 169457597 a composite number?
True
Is 1584439453 a prime number?
False
Is 31826497709 a prime number?
True
Is 130041101933 composite?
False
Is 16588031123 prime?
True
Is 10400633 a composite number?
True
Is 65790414931 composite?
True
Is 2133665171 a prime number?
False
Is 31833901601 a prime number?
False
Is 1138038467 a composite number?
False
Is 1331007607 prime?
False
Is 335316937 prime?
False
Is 234351181 composite?
False
Is 61379636237 a prime number?
False
Is 865812205 prime?
False
Is 2009345263 a composite number?
False
Is 372806921 a composite number?
True
Is 3106037029 a prime number?
True
Is 6390107699 composite?
False
Is 107304237679 prime?
False
Is 39309908423 a composite number?
True
Is 9234542633 prime?
True
Is 4771442777 prime?
True
Is 13782802469 prime?
True
Is 141813263 prime?
False
Is 31257979 composite?
True
Is 16108444111 a prime number?
True
Is 51451111 prime?
True
Is 2240745277 composite?
False
Is 20280800703 prime?
False
Is 54954797201 a composite number?
True
Is 35311070407 a composite number?
True
Is 42501908441 prime?
False
Is 636351461 prime?
False
Is 57662057 a composite number?
True
Is 3542650697 a prime number?
False
Is 5198485333 composite?
True
Is 880373003 prime?
False
Is 3620507177 prime?
False
Is 427068049 a composite number?
False
Is 1331812507 a composite number?
False
Is 1186876279 a prime number?
False
Is 148296499 a composite number?
True
Is 479116779 a composite number?
True
Is 5375618533 a composite number?
False
Is 13411595333 composite?
False
Is 16523226191 prime?
True
Is 516657541 a prime number?
True
Is 3427777471 a prime number?
True
Is 1704399289 composite?
True
Is 14068919899 a prime number?
True
Is 7325945987 a prime number?
True
Is 2876923993 composite?
False
Is 689542439 a composite number?
False
Is 663422687 a composite number?
False
Is 487872563 composite?
False
Is 3210878819 composite?
False
Is 15639535519 a composite number?
True
Is 6691087933 a prime number?
True
Is 134144977 a composite number?
True
Is 4335171431 prime?
True
Is 206900797 prime?
False
Is 15076234997 composite?
True
Is 14667109133 a prime number?
True
Is 19045800206 composite?
True
Is 15048208561 a prime number?
True
Is 28832050145 a composite number?
True
Is 91284191209 a composite number?
False
Is 22048571911 a prime number?
True
Is 215169239 composite?
True
Is 6939820777 composite?
False
Is 6105845231 a composite number?
True
Is 1970400347 composite?
False
Is 3249280513 composite?
True
Is 22446236599 a prime number?
False
Is 67180871 a prime number?
True
Is 665320703 a composite number?
False
Is 34203530531 composite?
False
Is 639952163 composite?
False
Is 15519269767 composite?
False
Is 14667785381 a prime number?
False
Is 1614219203 a prime number?
True
Is 265315282783 a prime number?
True
Is 3642287263 composite?
True
Is 3113077243 composite?
False
Is 163978579 a prime number?
False
Is 773938409 composite?
False